ulate the greatest common factor of x and 408.
17
Suppose -5*n - 4 - 7 = x, 2*x - 5*n = -22. Let r be 677 - (8 + x + -2). What is the greatest common factor of r and 22?
22
Suppose 2*v - 6*v = -12. Suppose v*p - 279 = -4*t, 3*p - 2*p = 4*t - 291. Let h = 7 + 1. What is the greatest common factor of h and t?
8
Let a(t) = t**3 - t**2 + t. Let q be a(1). Let c = 427 + -310. Suppose c = w + 12*w. What is the highest common factor of q and w?
1
Let v be (-2)/7 - ((-384)/(-28))/(-6). Suppose 5*w = v*w. Suppose w = -5*n + 44 + 11. What is the highest common divisor of 88 and n?
11
Suppose 4*x + 25*v - 20*v - 6027 = 0, v - 4523 = -3*x. What is the greatest common factor of x and 348?
116
Suppose 38*j = 13018 - 3138. Calculate the highest common divisor of 1625 and j.
65
Let b = -3183 + 3195. Calculate the highest common divisor of b and 968.
4
Let o = -196 - -58. Let q = o + 168. What is the highest common factor of 60 and q?
30
Suppose -w + 7*z - 8 = 40, 3*z = -4*w + 56. What is the highest common factor of 1018 and w?
2
Suppose -49*r = 100*r - 21903. Calculate the greatest common divisor of r and 1407.
21
Let o = -58970 - -59050. Suppose 3*q + 2*z = -6, 4*q - 3*q + 10 = 2*z. Let i be (10/q)/(1/(-4)). What is the greatest common divisor of i and o?
10
Let f(b) = b**3 - 34*b + 53 + 2 + 16*b**2 - 1 - 10. Let s be f(-18). What is the greatest common divisor of s and 328?
8
Suppose 108*k = -24*k - 8*k + 948780. Calculate the greatest common factor of 502 and k.
251
Let x = -2985 + 2998. Calculate the greatest common divisor of x and 208.
13
Let f be (-1)/((-63)/14 + 4). Suppose 5*p = f*m + 223, -3*m + 183 = 4*p - 0*p. What is the highest common divisor of p and 9?
9
Let u be 6716/(-138)*15/(-5). What is the greatest common factor of u and 18?
2
Suppose -3*q + 3*h = 111, 4*q + 3*h + 147 = 27. Let p be 4/(-22) + 1/(q/(-3471)). Suppose -4*a + p - 61 = 0. Calculate the highest common factor of 44 and a.
11
Let u be 0 + (-6)/(-10)*60/12. Suppose -3*c + 2*o + 97 = 0, -91 = -u*c - 0*c - o. What is the highest common divisor of 93 and c?
31
Suppose 36 = 5*n - 3*a + 5, 4*n = -2*a + 16. Let z be 62/(-2)*(-3)/3. Suppose 5*f - 306 = -z. What is the highest common factor of f and n?
5
Let v(u) = -u**3 - 4*u**2 - 4*u - 43. Let n be v(-5). What is the highest common divisor of 159 and n?
1
Suppose 0 = -3*r + 9, -x + r - 1 = 37. Let u = x - -40. Suppose 4*h + u*a = 65, -3*h + 5*h - 45 = -5*a. What is the greatest common factor of h and 30?
10
Suppose -a = a + 4*y - 14, -3*y + 6 = 0. Suppose -p + 12 = a*p. Suppose -4*f + 27 = p*d - f, 3*d + 4*f = 30. Calculate the greatest common factor of d and 24.
6
Let k be (-22)/(8 + -6) + 864. Let p = -815 + k. Let f(b) = -39*b - 5. Let m be f(-5). Calculate the highest common divisor of p and m.
38
Let r = 380 + -338. Let s be 29*((-43)/(-8) + r/(-112)). What is the highest common factor of s and 87?
29
Let p be 4*(-3)/6*2/(-2). Let g be 1 - (5/(-2) - 3)*p. Let d be (352/55)/((-1)/45*-3). What is the highest common divisor of g and d?
12
Let n = 868 - 831. Calculate the highest common factor of n and 2368.
37
Suppose p + 50 = -2*y + y, y + 41 = -4*p. Let t(j) = -j**2 - 92*j - 2053. Let k be t(-48). Let z = y + k. What is the highest common divisor of z and 6?
6
Let d = 2835 - 2497. Calculate the highest common divisor of 2 and d.
2
Suppose -5*c + 15 = 0, -4*c - 4 = -g - 46. Let b = g - -29. Let h be 1 + (3 - (b - 75)). What is the greatest common divisor of h and 8?
8
Let r be (-6)/(-93) + (-1245932)/(-4154). Calculate the greatest common factor of 4000 and r.
100
Let x be (-8 - -175)/(10 + 266/(-28)). Calculate the greatest common divisor of 32231 and x.
167
Let i(u) = 11*u**2 + 7*u + 47. Let y(k) = -14*k**2 - 9*k - 46. Let h(a) = 5*i(a) + 4*y(a). Let p be h(6). Calculate the greatest common factor of 99 and p.
9
Let l(u) = -239*u - 21855. Let k be l(-93). Let r(t) = -156*t - 3. Let g be r(-3). What is the greatest common divisor of k and g?
93
Let a(h) = -43*h + 812. Let u be a(16). Calculate the highest common factor of u and 186.
62
Let a(s) = -60*s - 1668. Let o be a(-28). Calculate the highest common divisor of o and 30.
6
Suppose 4*l + 2*n = 2, -1 = n + 2. Suppose 0 = v - 3 - l. Calculate the greatest common factor of v and 8.
1
Suppose 3 = -2*q - 1. Let v be 4914/49 + q/7. Let d be (15/(-2) + 6)*280/(-21). Calculate the highest common factor of v and d.
20
Suppose -72*g - 105*g = 12063 - 67818. Calculate the greatest common divisor of 3 and g.
3
Let b be (-1 - -1)*((-5)/(-2) + -2). Suppose 13*h - 15*h - 48 = b. Let r be 63/4 - 6/h. What is the highest common divisor of 64 and r?
16
Suppose p - 29 = -4*u + 53, 258 = 4*p + 2*u. Suppose 5*d + 62 = -3*l + 781, -5*d = -3*l + 769. What is the highest common divisor of p and l?
62
Let i be 408/85*(-10)/(-4). Let h(a) = -2*a**2 + 20 - 29*a + a**2 + 15*a + 5*a. Let b be h(-9). What is the greatest common factor of i and b?
4
Let h be ((-5)/((-60)/8))/((-12)/(-18846)). Suppose 4*x - h = 3*r, r = x - 2*r - 255. What is the greatest common factor of 66 and x?
66
Let i be (-9)/(-153) - 23/(5474/(-5936)). Suppose 56 = 4*f - 64. Calculate the highest common factor of f and i.
5
Let w = 315 + -309. Suppose -w*l + 1006 = -86. What is the greatest common divisor of l and 14?
14
Let c be (169/(-2))/(758/(-13644)). What is the highest common factor of c and 819?
117
Let p be ((-33)/(-2))/((-21)/(-126)). Let z be (4/6)/((-30)/(-1485)). What is the greatest common factor of p and z?
33
Let a(b) = -2*b**3 - 10*b**2 - 2*b - 4. Let z be a(-5). Let t(o) = -5 + z*o - 29 + 11 + 71. Let c be t(-6). Calculate the highest common divisor of 24 and c.
12
Suppose -4*b + k = -19, -b + 4*k = -2 + 1. Suppose -b*n + 640 = -130. What is the highest common factor of n and 14?
14
Suppose 4*i = 8, k - 3*i - 18 = 2*i. Let w = 52 - k. Let c be 794/11 + 8/(-44). Calculate the highest common factor of c and w.
24
Let y(f) = 2*f**2 - 16*f - 12. Let j be y(12). Suppose -53*v = -52*v - j. What is the highest common factor of v and 35?
7
Suppose 5*q - 10*q - 4650 = -8*q. Calculate the greatest common factor of 110 and q.
10
Suppose 0 = -z + 4*o + 36, 107*o - 109*o + 12 = 7*z. Let y be 2/(-3) - (-2)/(-6). Let p be y - -7 - 0 - 2. What is the highest common factor of z and p?
4
Let n = 536 - 329. Let t be (-280)/68 + 8/68. Let c(y) = 3*y**2 + 6*y - 1. Let h be c(t). Calculate the highest common factor of h and n.
23
Suppose 123 = 19*l - 61 - 25. Calculate the highest common factor of 13607 and l.
11
Suppose -3899*f - 6944 = -3930*f. What is the greatest common divisor of f and 1624?
56
Let n be -35*18/(-90)*(2224/7 - -2). Calculate the highest common divisor of n and 4.
2
Let c be (-907920)/(-65) - (-12 - 1). What is the highest common divisor of c and 82?
41
Suppose 3*n + 301 = 4*v, 5*v + 216 = -n - n. Let s = 183 + n. What is the greatest common factor of 20 and s?
20
Suppose -9*k + 4*k = 2*z - 60, -48 = -2*z + k. Let q = -9 - -25. Let p be 97 - (-12)/(q/4). Calculate the greatest common divisor of z and p.
25
Suppose 5*l - 109 = -5*w + 9*l, -27 = -3*w - 4*l. Calculate the greatest common factor of w and 3009.
17
Suppose d - 400 = -4*d. Let z be 17138/132 - (-2)/12. Suppose 0 = 7*c + 6*c - z. Calculate the greatest common factor of c and d.
10
Let n = 518 + 2398. Calculate the greatest common factor of 12 and n.
12
Suppose -615 = 3*q - 5*g, 0 = g + 2*g. Let w = 458 + q. What is the highest common divisor of w and 23?
23
Suppose 6*u - 392 + 92 = 0. Let z(n) = -222*n - 863. Let b be z(-4). What is the highest common factor of u and b?
25
Suppose -5260 = -5*g + 2*c, 2*g - 2623*c = -2618*c + 2125. What is the greatest common divisor of 960 and g?
30
Suppose 0 = 186*n - 181*n + 5, -4*m = -4*n - 16. Let x = -18 - -37. What is the greatest common factor of m and x?
1
Let a = 11 + 19. Suppose -3*l + 154 = -5*v - 1546, -5*l + 3*v + 2844 = 0. What is the highest common factor of a and l?
30
Suppose -21*l + 235 = 5*k - 18*l, -5*l - 188 = -4*k. Calculate the highest common divisor of 3807 and k.
47
Suppose 0 = 4*q - 5*m - 54, 4*m - 50 = -4*q + 7*m. Calculate the greatest common divisor of 46 and q.
1
Let m(o) = 139*o + 2. Let l be m(3). Suppose 99 = 2*b - l. Calculate the greatest common divisor of b and 37.
37
Let f(p) = -178*p 